1?
0
What is the tens digit of 82017?
1
What is the tens digit of 59135?
3
What is the tens digit of 71492?
9
What is the tens digit of 988?
8
What is the ten thousands digit of 13699?
1
What is the units digit of 26771?
1
What is the tens digit of 431?
3
What is the units digit of 12905?
5
What is the thousands digit of 35591?
5
What is the tens digit of 51725?
2
What is the tens digit of 19528?
2
What is the tens digit of 5547?
4
What is the thousands digit of 11992?
1
What is the thousands digit of 1758?
1
What is the tens digit of 1574?
7
What is the thousands digit of 9802?
9
What is the hundreds digit of 408?
4
What is the tens digit of 15585?
8
What is the units digit of 5719?
9
What is the hundreds digit of 1478?
4
What is the thousands digit of 10897?
0
What is the units digit of 13998?
8
What is the hundreds digit of 7147?
1
What is the tens digit of 421?
2
What is the hundreds digit of 5153?
1
What is the thousands digit of 6460?
6
What is the tens digit of 1885?
8
What is the thousands digit of 35658?
5
What is the ten thousands digit of 24768?
2
What is the units digit of 30216?
6
What is the units digit of 7001?
1
What is the thousands digit of 92184?
2
What is the ten thousands digit of 29487?
2
What is the thousands digit of 2742?
2
What is the units digit of 3829?
9
What is the units digit of 56?
6
What is the units digit of 17491?
1
What is the thousands digit of 1724?
1
What is the tens digit of 3229?
2
What is the ten thousands digit of 87433?
8
What is the tens digit of 1731?
3
What is the hundreds digit of 1556?
5
What is the hundreds digit of 660?
6
What is the thousands digit of 25752?
5
What is the tens digit of 47193?
9
What is the thousands digit of 25162?
5
What is the units digit of 508?
8
What is the hundreds digit of 3252?
2
What is the units digit of 429?
9
What is the units digit of 25953?
3
What is the tens digit of 12515?
1
What is the thousands digit of 10170?
0
What is the units digit of 1663?
3
What is the hundreds digit of 21204?
2
What is the hundreds digit of 492?
4
What is the units digit of 3322?
2
What is the units digit of 1860?
0
What is the ten thousands digit of 10560?
1
What is the hundreds digit of 436?
4
What is the units digit of 5558?
8
What is the hundreds digit of 65766?
7
What is the thousands digit of 5266?
5
What is the hundreds digit of 25003?
0
What is the thousands digit of 1178?
1
What is the units digit of 8874?
4
What is the thousands digit of 3107?
3
What is the tens digit of 58792?
9
What is the units digit of 14110?
0
What is the units digit of 1880?
0
What is the units digit of 454?
4
What is the hundreds digit of 2856?
8
What is the thousands digit of 6933?
6
What is the thousands digit of 38739?
8
What is the thousands digit of 5822?
5
What is the hundreds digit of 1307?
3
What is the hundreds digit of 486?
4
What is the units digit of 1419?
9
What is the tens digit of 13481?
8
What is the thousands digit of 1282?
1
What is the tens digit of 513?
1
What is the units digit of 1661?
1
What is the ten thousands digit of 62173?
6
What is the thousands digit of 1512?
1
What is the thousands digit of 25269?
5
What is the units digit of 32150?
0
What is the hundreds digit of 64788?
7
What is the tens digit of 8510?
1
What is the units digit of 19154?
4
What is the hundreds digit of 263?
2
What is the tens digit of 1733?
3
What is the units digit of 4272?
2
What is the units digit of 3074?
4
What is the units digit of 6847?
7
What is the hundreds digit of 12499?
4
What is the units digit of 667?
7
What is the thousands digit of 11670?
1
What is the tens digit of 101?
0
What is the hundreds digit of 24981?
9
What is the hundreds digit of 8264?
2
What is the units digit of 8016?
6
What is the ten thousands digit of 20768?
2
What is the tens digit of 616?
1
What is the units digit of 7?
7
What is the tens digit of 1097?
9
What is the ten thousands digit of 12307?
1
What is the hundreds digit of 686?
6
What is the thousands digit of 8379?
8
What is the thousands digit of 96635?
6
What is the thousands digit of 9090?
9
What is the tens digit of 942?
4
What is the hundreds digit of 19228?
2
What is the tens digit of 50849?
4
What is the units digit of 564?
4
What is the hundreds digit of 66562?
5
What is the tens digit of 5279?
7
What is the hundreds digit of 6891?
8
What is the hundreds digit of 10382?
3
What is the hundreds digit of 1371?
3
What is the thousands digit of 5088?
5
What is the hundreds digit of 93826?
8
What is the tens digit of 4449?
4
What is the thousands digit of 3477?
3
What is the units digit of 45064?
4
What is the tens digit of 420?
2
What is the units digit of 3121?
1
What is the thousands digit of 72769?
2
What is the hundreds digit of 1176?
1
What is the units digit of 10788?
8
What is the hundreds digit of 4111?
1
What is the tens digit of 6276?
7
What is the hundreds digit of 1745?
7
What is the tens digit of 1830?
3
What is the hundred thousands digit of 116312?
1
What is the ten thousands digit of 12803?
1
What is the units digit of 1941?
1
What is the tens digit of 663?
6
What is the hundreds digit of 1966?
9
What is the hundreds digit of 1467?
4
What is the units digit of 31791?
1
What is the tens digit of 614?
1
What is the units digit of 15?
5
What is the hundreds digit of 45100?
1
What is the ten thousands digit of 18044?
1
What is the units digit of 5529?
9
What is the thousands digit of 7918?
7
What is the thousands digit of 3800?
3
What is the thousands digit of 57455?
7
What is the hundreds digit of 1487?
4
What is the hundreds digit of 402?
4
What is the tens digit of 10678?
7
What is the ten thousands digit of 28387?
2
What is the thousands digit of 4001?
4
What is the thousands digit of 35546?
5
What is the hundreds digit of 1847?
8
What is the hundreds digit of 2340?
3
What is the thousands digit of 13876?
3
What is the tens digit of 28?
2
What is the hundreds digit of 48707?
7
What is the tens digit of 17839?
3
What is the hundreds digit of 3951?
9
What is the units digit of 290?
0
What is the hundreds digit of 4616?
6
What is the tens digit of 3245?
4
What is the tens digit of 375?
7
What is the thousands digit of 1643?
1
What is the units digit of 6210?
0
What is the units digit of 33921?
1
What is the tens digit of 41?
4
What is the units digit of 4642?
2
What is the thousands digit of 13721?
3
What is the hundreds digit of 5309?
3
What is the tens digit of 172?
7
What is the thousands digit of 29292?
9
What is the hundred thousands digit of 160146?
1
What is the tens digit of 1657?
5
What is the hundreds digit of 10567?
5
What is the units digit of 932?
2
What is the hundreds digit of 1264?
2
What is the thousands digit of 93140?
3
What is the hundreds digit of 425?
4
What is the units digit of 886?
6
What is the thousands digit of 5797?
5
What is the ten thousands digit of 40771?
4
What is the thousands digit of 5842?
5
What is the tens digit of 26354?
5
What is the tens digit of 45323?
2
What is the tens digit of 534?
3
What is the tens digit of 215?
1
What is the hundreds digit of 920?
9
What is the thousands digit of 1019?
1
What is the hundreds digit of 508?
5
What is the tens digit of 29493?
9
What is the tens digit of 960?
6
What is the units digit of 8110?
0
What is the hundreds digit of 3022?
0
What is the ten thousands digit of 64186?
6
What is the ten thousands digit of 11057?
1
What is the hundreds digit of 1666?
6
What is the tens digit of 22766?
6
What is the thousands digit of 40489?
0
What is the tens digit of 27256?
5
What is the units digit of 1278?
8
What is the ten thousands digit of 17295?
1
What is the thousands digit of 4189?
4
What is the hundreds digit of 2490?
4
What is the hundreds digit of 204?
2
What is the tens digit of 2113?
1
What is the tens digit of 81?
8
What is the thousands digit of 4033?
4
What is the units digit of 908?
8
What is the ten thousands digit of 13307?
1
What is the tens digit of 879?
7
What is the thousands digit of 4085?
4
What is the units digit of 16138?
8
What is the tens digit of 15973?
7
What is the hundreds digit of 35423?
4
What is the units digit of 10794?
4
What is the units digit of 8577?
7
What is the thousands digit of 1284?
1
What is the units digit of 23939?
9
What is th